 22497 = 0. What is the greatest common factor of o and f?
15
Let h be 616/48 - 3/(-72)*-20. Calculate the highest common divisor of 18708 and h.
12
Let u = -180 - -270. Suppose -14*b = 42 - 112. Suppose -3*a + u = 5*s, b*s + 4*a - 39 = 56. Calculate the highest common divisor of 3 and s.
3
Let d(v) = 29*v + 8. Let r be d(6). Let x = 339 + -323. Let q be (84/(-9))/(x/(-24)). Calculate the greatest common factor of r and q.
14
Suppose -20*s + 83243 = -6657. Calculate the greatest common divisor of 155 and s.
155
Let m be (-54)/15 - 33/(-55). Let x be (384/(-224))/(2*m/28). Calculate the highest common divisor of x and 20.
4
Let p = 7285 - 6610. What is the highest common factor of 54 and p?
27
Let q(f) = 2*f**3 - 7*f**2 + f - 17. Let b(g) = -8*g - 12. Let u be b(-2). Let j be q(u). Suppose 2 = p - 1. What is the highest common factor of p and j?
3
Let p be -106*(-4)/8 - (0 + 2). Suppose 0 = -3*f + 5*n + 142, f = -2*n - 0*n + p. Suppose f - 217 = -7*d. Calculate the highest common factor of d and 3.
3
Let q(l) = -l**3 - 14*l**2 + 1311*l - 204. Let y be q(-44). Let d = 115 + 29. Calculate the greatest common divisor of d and y.
48
Suppose -298*j = 4*b - 297*j - 19741, -2*b + 9865 = -5*j. Calculate the greatest common divisor of 35 and b.
35
Suppose 2*n - 21*n = 304. Let m(x) = x**2 + 15*x + 17. Let h be m(n). Suppose 4*a = -3*a + 2079. Calculate the greatest common divisor of a and h.
33
Let g = 56 - 56. Let n be 0 + (g - -4) + -1. Suppose -n*d = -144 + 126. Calculate the greatest common factor of 42 and d.
6
Let z be (-1)/(-5) + 345/25. Let h be (-1)/(z/(-8)) + (-230085)/(-315). What is the greatest common factor of h and 43?
43
Suppose 57*q - 15 - 42 = 0. Suppose 2*m = 7 + q. What is the greatest common factor of 44 and m?
4
Let m(o) be the third derivative of -o**4/12 + 32*o**3/3 + o**2. Let z be m(20). Calculate the highest common divisor of 84 and z.
12
Suppose 12*i - 287 = -4*s + 11*i, -5*s - i = -359. Let h(a) = 3*a**3 + 3*a**2 + a - 3. Let n be h(3). Calculate the highest common divisor of s and n.
36
Let h be 429/(-286)*(-30)/1. What is the highest common divisor of h and 711?
9
Let l(m) = -11*m + 735. Let a be l(37). What is the greatest common divisor of 56 and a?
8
Let z be -10 + (-11)/((-187)/1445). What is the greatest common divisor of z and 3975?
75
Let q(u) = 50*u - 12. Let f be q(6). Let d = -2164 - -2272. Calculate the highest common divisor of f and d.
36
Let r(z) = 11*z**2 - 8*z - 7. Let x be r(6). Suppose t - 38 - 48 = -2*v, 0 = -4*t - 5*v + x. What is the greatest common divisor of t and 21?
21
Let m(k) = k**3 - 4*k**2 - 4*k. Let c be m(5). Suppose 3*a - 658 = c. Let j = 10127 - 10110. Calculate the greatest common factor of a and j.
17
Suppose -46*z + 38*z = 63*z - 12425. What is the greatest common divisor of z and 238?
7
Suppose 4*i - 698 + 258 = 5*n, 5*n = -3*i + 400. Calculate the highest common divisor of i and 6060.
60
Let q(y) = y**2 - 252*y + 6093. Let d be q(27). Calculate the greatest common factor of 5625 and d.
9
Let q = -15 - -3. Let a(o) = 2*o**3 + 23*o**2 - 5*o + 11. Let c be a(q). Let j = -72 - c. Calculate the highest common divisor of 1 and j.
1
Let j be 8 - (3528/(-9) - -10). Calculate the greatest common factor of 3770 and j.
130
Suppose -2*o - 3*q + 40 = 0, 155*q - 153*q = -o + 18. What is the greatest common factor of 3133 and o?
13
Suppose 5*a - 3*a = 1404. Suppose 0 = 3*u - 4*g - 94, -7*u = -2*u - g - 134. Calculate the highest common factor of u and a.
26
Suppose 3671 = 2*y + 5*g, 2107 = y - 3*g + 277. Calculate the greatest common divisor of y and 282.
141
Let o(i) be the third derivative of -i**5/60 + 35*i**4/24 + 55*i**3/3 + 46*i**2 + 2. Let s be o(37). Calculate the greatest common factor of 9 and s.
9
Let g(s) = 2*s**2 + 3*s + 1. Let u be g(-15). Suppose z - u = -5*i, 2*i + 0*i - 165 = -3*z. What is the greatest common factor of 486 and i?
81
Let c(d) = -14*d**2 + 376*d + 78. Let w be c(27). What is the highest common divisor of w and 13284?
12
Let y(z) = 7*z**2 + 9*z - 8. Suppose -2 = -5*d - 22, 0 = -g - d + 1. Let k be y(g). Let c = k + 76. What is the greatest common factor of c and 32?
32
Let w be ((-12)/20)/(9/(-30)). Suppose -w*t + 32 = -0*t. Let s be 4 + 7 - (-2 + -3). What is the highest common divisor of t and s?
16
Suppose -39 = -4*d + 81. Suppose i + 5759 = 6*w, -4*w - 2*i + 1975 = -1867. Calculate the greatest common factor of w and d.
30
Let s be (-1)/(-2) - (-1)/2. Let d(b) = b**2 - 25*b - 76. Let p be d(28). Let g be ((-11)/2 + p)/((-5)/(-8)). What is the greatest common divisor of s and g?
1
Suppose 4*q - 5*y = -25, 0 = 3*q + 2*q + 5*y - 25. Suppose -5*v - 4*p = 54 - 156, -4*p - 8 = q. Calculate the greatest common divisor of v and 352.
22
Let d be ((-936)/(-14))/((-120)/(-1120)). Suppose -199 = 17*h - d. What is the greatest common factor of h and 400?
25
Suppose -5*k = 8*d - 3481, d - 442 = k - 3*k. What is the greatest common factor of 3996 and d?
108
Suppose 2*y = 3*c - 3 - 0, -5*y + 3 = -4*c. Suppose 4 = -4*g, c*g = -3*i - 2*g + 1. Let q be 3 + i + (-4 - -3). What is the highest common divisor of q and 12?
4
Let w(k) = -k**3 + 16*k**2 + 16*k + 11. Let p be w(17). Let l be ((-420)/(-49))/(p/(-21)). Calculate the highest common divisor of l and 30.
30
Let f(o) = o**2 + 12*o - 2. Let u be f(-13). Let r = -3875 + 4788. What is the highest common factor of r and u?
11
Let a be -68*(-13 + (-33)/12). What is the greatest common divisor of a and 34?
17
Suppose -808*f + 2880 = -804*f + 3*s, -3*f - 5*s = -2138. Let l = -16 - -22. Calculate the greatest common divisor of l and f.
6
Let f = 510 - 520. Let t(i) = -48*i - 221. Let v be t(f). Calculate the highest common factor of v and 7.
7
Let z(b) = 24*b**2 + 10*b + 3 - 13*b + 3. Suppose 31 = 5*o + 21. Let j be z(o). What is the highest common divisor of 12 and j?
12
Let w be 2 + 1/(-5) - 46/(-230). Suppose -4*p - 32 - 8 = -x, w*x + 5*p = 119. What is the highest common divisor of 858 and x?
26
Suppose 5*s = -3*m + 476, 4*s = -3*m + 38 + 440. Suppose 4*p + m = 262. Calculate the highest common divisor of 225 and p.
25
Let w = 18264 + -18123. Calculate the highest common factor of 18330 and w.
141
Suppose -3*b + 25 = 22*b - 50. Calculate the highest common factor of b and 2454.
3
Let o = 238 + -168. Let w = 669 + -319. Calculate the greatest common divisor of o and w.
70
Suppose -105*j + 113*j - 48 = 0. Suppose -j*v + 10*v - 736 = 0. Calculate the highest common divisor of 4 and v.
4
Let s(c) = c**3 + 20*c**2 + 15*c - 20. Let w be s(-19). Suppose w = 6*a + 38. Calculate the greatest common divisor of 6 and a.
3
Let p be ((-29)/(-2) + 31 + -42)*(-89604)/(-21). What is the highest common factor of p and 114?
114
Let o = 7650 - 7626. What is the greatest common factor of o and 1350?
6
Suppose 15*k - 8*k = -6*k + 806. What is the greatest common factor of k and 589?
31
Let o be (23/(345/12))/((-1)/(-685)). Calculate the highest common factor of o and 8.
4
Let x(b) = -b**2 - 13*b + 6. Let v(p) = -9*p**2 + 6*p - 7. Let g be v(1). Let t be x(g). What is the greatest common factor of t and 60?
12
Suppose 3*v - 390 = -5*w, 5*v + 4*w - 298 = 365. Let p = 25622 - 25577. Calculate the greatest common divisor of p and v.
45
Suppose -63 = 9*k - 81. Suppose 5*g + k*r - 101 = 66, -134 = -4*g - 2*r. Calculate the greatest common factor of g and 209.
11
Let d = -6 + 19. Let s = -76595 - -76660. What is the greatest common divisor of d and s?
13
Let z be (0 + 5 - 2)/1. Suppose z*d = -348 - 408. Let q = d + 427. Calculate the greatest common factor of q and 25.
25
Let g = 34 - 42. Let u be 1 - (-111)/4 - g/32. Let a = u - 27. What is the greatest common factor of a and 2?
2
Suppose -589 - 167 = -7*y. Suppose -6*g = -4*g + 5*d - 42, -2*d - y = -4*g. Calculate the highest common factor of 2 and g.
2
Let t = -144 - -146. Suppose 5*y = -5*q + 185, 2 = t*y + 5*q - 63. Let u = 52 - y. Calculate the highest common factor of u and 60.
12
Let s(c) = 2*c + 1. Let v be s(-4). Let z be v - -8 - 5*-19. Let i = -12732 - -12744. What is the highest common divisor of i and z?
12
Suppose 742*q - 737*q + 3*d = 83, -4*d + 4 = 0. Calculate the greatest common factor of 16376 and q.
8
Let x(f) = f**3 - f**2 - 31*f + 95. Let v be x(5). What is the highest common factor of